
318
Let d(a) = -2*a**2 + 61*a - 450. Determine d(19).
-13
Let u(v) = -64*v - 73. What is u(-1)?
-9
Let v(w) = -w**2 - 16*w - 57. Give v(-11).
-2
Let w(v) = -4*v**3 + 5*v**2 - 13*v - 3. What is w(3)?
-105
Let t(k) = 10*k - 2. Give t(-13).
-132
Let u(l) = 784*l + 18882. Give u(-24).
66
Let d(g) = -g**2 + 145*g + 746. Calculate d(-5).
-4
Let i(v) = -15*v - 895. Give i(-62).
35
Let s(u) = u**3 + 10*u**2 + 5*u - 27. Calculate s(-8).
61
Let n(k) = k**3 + 36*k**2 - 24*k - 234. Determine n(-37).
-715
Let b(i) = -24*i + 2156. What is b(90)?
-4
Let k(t) = -10*t + 6. What is k(-6)?
66
Let a(q) = -q**2 - 114*q - 1726. Calculate a(-96).
2
Let k(d) = -6*d + 44. What is k(6)?
8
Let r(h) = 5*h**2 + 29*h - 5. Determine r(-4).
-41
Let c(q) = -2*q**3 - 12*q**2 - 374*q - 2228. Determine c(-6).
16
Let s(b) = 150*b - 1578. What is s(10)?
-78
Let s(r) = r**2 + 276*r + 15461. What is s(-78)?
17
Let k(a) = 2*a**3 + 5*a**2 + 9*a + 14. Calculate k(-3).
-22
Let s(i) = -23*i - 228. What is s(-12)?
48
Let f(u) = -2*u**3 + 25*u**2 - 7*u - 22. Give f(11).
264
Let l(h) = -30*h + 11. Calculate l(-8).
251
Let m(v) = -3*v**2 + 7*v + 2. What is m(-7)?
-194
Let m(h) = h**3 - 60*h**2 + 171*h - 33. What is m(57)?
-33
Let l(c) = -22*c + 14. Calculate l(-6).
146
Let m(z) = -4*z**2 - 6*z - 22. Calculate m(-3).
-40
Let x(s) = 197*s + 1176. Determine x(-6).
-6
Let s(j) = 29*j + 73. What is s(-3)?
-14
Let r(t) = 417*t + 16683. Give r(-40).
3
Let c(m) = 41*m - 109. Calculate c(5).
96
Let c(d) = d**3 - 2*d**2 + 8*d - 28. Calculate c(7).
273
Let z(j) = 2110*j + 8439. Calculate z(-4).
-1
Let l(t) = 2*t**2 - 148*t + 1362. Determine l(63).
-24
Let r(l) = -92*l - 382. Give r(-4).
-14
Let g(a) = a**3 + 19*a**2 - 75*a - 194. Give g(-22).
4
Let p(i) = 1617*i - 6463. Determine p(4).
5
Let x(s) = -2*s**3 + 46*s**2 - 133*s - 630. What is x(7)?
7
Let w(g) = g + 102. Give w(-95).
7
Let v(f) = -f**3 - 15*f**2 - 41*f + 116. Calculate v(-10).
26
Let h(n) = -n**2 - 111*n - 4. Give h(-111).
-4
Let t(i) = -10*i + 81. What is t(9)?
-9
Let h(g) = 124*g**2 - 10*g + 17. Give h(-2).
533
Let n(t) = -t**3 - 68*t**2 - 251*t + 334. Give n(-64).
14
Let h(k) = k**2 - 60*k + 19. Calculate h(63).
208
Let v(m) = 2*m**2 - m - 40. What is v(-6)?
38
Let f(b) = -b**3 + 55*b**2 - 341*b + 243. Give f(48).
3
Let w(z) = -z**3 - 197*z**2 + 207*z + 1864. What is w(-198)?
82
Let l(k) = 1902*k - 5696. Give l(3).
10
Let q(t) = -13*t - 158. Determine q(-2).
-132
Let v(m) = -39*m - 280. Give v(-8).
32
Let d(i) = 7*i**3 - 2*i**2 + 10*i + 39. Calculate d(-3).
-198
Let h(q) = -q**3 - 14*q**2 - 2*q - 30. Calculate h(-14).
-2
Let b(k) = 97*k**2 + 23*k - 25. Determine b(1).
95
Let q(y) = -5*y**2 - 31*y + 14. Give q(-10).
-176
Let t(q) = 9805*q + 29436. Determine t(-3).
21
Let h(b) = -b**3 - 21*b**2 - 56*b - 23. Calculate h(-18).
13
Let o(t) = -10*t + 32. Calculate o(-14).
172
Let l(c) = -11*c**2 + 548*c - 1925. Give l(46).
7
Let m(b) = b**3 + 40*b**2 + 93*b + 647. What is m(-38)?
1
Let l(y) = -y**3 - 4*y**2 - 87*y - 258. Give l(-3).
-6
Let q(h) = -h**3 + 129*h**2 + 395*h + 122. Determine q(132).
-10
Let p(l) = 11*l - 623. Give p(56).
-7
Let c(a) = 2*a**3 + a**2 + a - 5. What is c(2)?
17
Let c(g) = 4*g**3 + 22*g**2 - 42*g - 177. Calculate c(-6).
3
Let l(o) = -o**3 - 18*o**2 - 25*o - 27. Determine l(-19).
809
Let l(h) = -h**3 - 7*h**2 + 12*h - 55. Calculate l(-9).
-1
Let f(w) = -3*w**3 - 62*w**2 + 24*w + 15. Calculate f(-21).
-48
Let r(p) = 2*p**3 - 18*p**2 - 7*p + 198. Determine r(8).
14
Let s(u) = -4*u**3 - 90*u**2 - 40*u + 89. What is s(-22)?
1
Let t(d) = -6050*d**2 - 36298*d + 6. Determine t(-6).
-6
Let g(m) = -m**3 - 34*m**2 - m - 39. Determine g(-34).
-5
Let c(v) = v**2 + 27*v - 38. Calculate c(-25).
-88
Let j(s) = s**3 + 43*s**2 + 7*s + 339. Determine j(-43).
38
Let l(r) = r**3 - 141*r**2 - 139*r - 488. Give l(142).
-62
Let f(t) = -117*t + 955. Give f(8).
19
Let h(m) = -7*m**2 - 898*m - 250. Calculate h(-128).
6
Let p(m) = m**2 - 123. Calculate p(9).
-42
Let b(j) = -j**2 + 6*j + 6. Calculate b(-2).
-10
Let p(a) = -a**3 + 63*a**2 + 94*a - 9667. Give p(62).
5
Let n(l) = l**3 + 50*l**2 + 130*l - 520. What is n(-47)?
-3
Let d(a) = 131*a + 220. What is d(-2)?
-42
Let g(k) = 19*k**2 + 34*k + 36. Determine g(-1).
21
Let x(d) = -d**3 + 206*d**2 + 849*d - 1858. Give x(210).
32
Let x(b) = -410*b - 2825. Calculate x(-7).
45
Let m(j) = -j**2 + 49*j + 1602. Calculate m(71).
40
Let n(q) = -73*q + 657. What is n(9)?
0
Let j(t) = t**3 - 9*t**2 + 36. What is j(7)?
-62
Let q(u) = -7*u**2 - 90*u + 5. What is q(-14)?
-107
Let j(g) = 17*g**3 - 6*g**2 - 11*g + 8. Calculate j(-2).
-130
Let n(p) = 61*p + 3862. Calculate n(-63).
19
Let r(k) = -k**3 - 7*k**2 + 5*k + 57. Calculate r(-5).
-18
Let p(n) = 48*n**2 + 40*n - 12. What is p(-1)?
-4
Let b(w) = 8*w**3 - 185*w**2 + 22*w + 28. What is b(23)?
5
Let z(x) = -22*x**2 - 202*x - 25. Calculate z(-9).
11
Let c(z) = -6*z**2 + 10. Calculate c(-4).
-86
Let s(f) = 776*f - 53. Give s(0).
-53
Let l(u) = 648*u + 2580. Calculate l(-4).
-12
Let g(j) = -7*j + 220. Calculate g(25).
45
Let m(j) = -j**2 + 86*j - 1005. What is m(14)?
3
Let s(b) = 18*b**3 + 5*b**2 - 53*b + 149. Give s(3).
521
Let m(f) = -45*f - 45. Determine m(-3).
90
Let v(i) = i**3 - 3120*i + 9356. Determine v(3).
23
Let h(j) = -6*j + 20. Calculate h(6).
-16
Let f(b) = -518*b + 142464. Calculate f(275).
14
Let o(r) = 4*r**3 - 5*r - 38. What is o(-4)?
-274
Let j(u) = -7*u**2 + 106*u - 255. Calculate j(3).
0
Let d(x) = 11*x**2 - 5*x - 129. Calculate d(3).
-45
Let z(x) = 6*x**2 + 38*x - 80. Determine z(-8).
0
Let c(n) = 3*n**3 + n - 73. Determine c(0).
-73
Let j(a) = 7*a - 451. Calculate j(61).
-24
Let a(w) = 37*w**3 - 3738*w**2 + 96*w + 507. What is a(101)?
2
Let v(b) = b**2 - 37. Give v(-4).
-21
Let x(y) = 14*y**2 + 325*y + 76. Determine x(-23).
7
Let l(u) = 10*u**2 + 2*u + 11. Give l(-3).
95
Let g(h) = h**3 + 2*h**2 - 515*h - 2505. Determine g(-5).
-5
Let p(z) = -2*z**3 - 21*z**2 - 4*z + 77. Give p(-10).
17
Let v(z) = 14*z**2 - 64*z - 10. Calculate v(5).
20
Let n(w) = -7*w**2 - 34*w + 14. Determine n(-7).
-91
Let k(j) = 152*j - 1675. Calculate k(11).
-3
Let r(z) = z**3 - 17*z**2 + 60*z + 48. Determine r(9).
-60
Let r(p) = -1077*p - 5408. Calculate r(-5).
-23
Let z(a) = -a**3 + 37*a**2 - 446*a + 2541. Calculate z(22).
-11
Let s(y) = -6*y**3 + 108*y**2 - 191*y - 19. What is s(16)?
-3
Let z(m) = m**3 + 17*m**2 - 87*m - 88. Calculate z(-21).
-25
Let c(v) = -5*v**3 - 183*v**2 + 76*v + 77. Calculate c(-37).
3
Let a(u) = -279*u**2 - 804*u + 4. Calculate a(-3).
-95
Let k(b) = -18*b + 77. Calculate k(14).
-175
Let n(f) = -174*f - 13223. What is n(-76)?
1
Let v(t) = t**3 + 30*t**2 + 5*t + 57. What is v(-30)?
-93
Let l(n) = n**3 - 25*n**2 + 47*n - 15. Give l(23).
8
Let x(j) = -2*j**2 - 128*j + 258. What is x(-66)?
-6
Let p(z) = -225*z + 28. Calculate p(1).
-197
Let n(j) = -302*j + 1797. Calculate n(6).
-15
Let s(d) = -d**2 + 16*d + 38. Calculate s(13).
77
Let u(d) = 8*d**3 - 3*d**2 + 38*d - 37. Determine u(1).
6
Let w(u) = -u**3 + 53*u**2 - 59*u + 164. Determine w(52).
-200
Let o(s) = -s**2 + 10*s - 10. Calculate o(6).
14
Let f(h) = 37*h + 389. Determine f(-10).
19
Let p(x) = 10*x + 298. What is p(-42)?
-122
Let n(s) = 5*s - 20. Calculate n(-11).
-75
Let h(u) = -u**3 - 57*u**2 + 2*u + 167. What is h(-57)?
53
Let x(g) = 18*g - 385. Calculate x(22).
11
Let t(p) = -p**3 + 13*p**2 + 21*p - 32. Calculate t(14).
66
Let g(r) = -16*r + 261. What is g(14)?
37
Let o(d) = -d**2 - 13*d + 73. Give o(10).
-157
Let m(p) = -10*p - 4. Calculate m(-5).
46
Let z(s) = 297*s**2 + 5*s - 4. Calculate z(1).
298
Let j(m) = -m**2 - 26*m + 22. Determine j(-27).
-5
Let z(q) = 2*q**3 + q**2 - 75*q + 38. What is z(0)?
38
Let v(r) = -2*r**3 - 7*r**2 - 800*r - 3171. What is v(-4)?
45
Let s(k) = -k**3 + 20*k**2 + 226*k + 8. Give s(28).
64
Let n(o) = -2*o**2 + 60*o + 35. Calculate n(25).
285
Let b(v) = -v**3 + 21*v**2 + 69*v - 99. Determine b(-4).
25
Let p(o) = 2*o**3 - 155*o**2 - 71*o - 219. Give p(78).
327
Let o(s) = -2*s**3 - 87*s**2 + 12*s + 2389. Calculate o(-43).
24
Let i(y) = y**3 - 152*y**2 + 736*y + 3. Determine i(5).
8
Let d(i) = -808*i + 1646. What is d(2)?
30
Let f(h) = -h**3 + 13*h**2 - 3*h - 4. Give f(3).
77
Let d(k) = -6*k**2 + 561*k + 288. Determine d(94).
6
Let k(i) = 4790*i + 9585. Gi